prime?
True
Is 93517 prime?
False
Is 13577 a composite number?
False
Is 14351 a prime number?
False
Is 215011 composite?
True
Is 10691 a composite number?
False
Is 33833 composite?
True
Is 17071 a prime number?
False
Is 197023 a prime number?
True
Is 120077 a prime number?
True
Is 10427 prime?
True
Is 2039 composite?
False
Is 97243 a prime number?
False
Is 44537 prime?
True
Is 1974221 prime?
True
Is 18611 prime?
False
Is 17623 a prime number?
True
Is 269219 composite?
False
Is 517861 composite?
False
Is 488027 a composite number?
True
Is 11843 a composite number?
True
Is 284009 prime?
False
Is 10757 composite?
True
Is 600671 composite?
True
Is 18467 a prime number?
False
Is 55973 composite?
True
Is 2413 a prime number?
False
Is 168673 a composite number?
False
Is 1369 composite?
True
Is 437339 composite?
True
Is 177127 a composite number?
False
Is 33827 prime?
True
Is 11003 a composite number?
False
Is 8779 prime?
True
Is 1066535 prime?
False
Is 132137 composite?
False
Is 205501 composite?
True
Is 175157 prime?
False
Is 728627 a composite number?
False
Is 93838 composite?
True
Is 72859 prime?
True
Is 880529 a composite number?
True
Is 284719 a composite number?
True
Is 1081 prime?
False
Is 1569257 a composite number?
False
Is 11851 a prime number?
False
Is 697 composite?
True
Is 1157 a composite number?
True
Is 1283 composite?
False
Is 12641 a prime number?
True
Is 15819 a composite number?
True
Is 1087 prime?
True
Is 328543 a composite number?
False
Is 5021 a composite number?
False
Is 924997 a prime number?
True
Is 44947 a prime number?
False
Is 28499 prime?
True
Is 1084873 composite?
True
Is 109567 prime?
True
Is 1326859 composite?
False
Is 568679 composite?
False
Is 1142 a composite number?
True
Is 2213 composite?
False
Is 31967 a composite number?
True
Is 238211 composite?
True
Is 688529 a prime number?
False
Is 1901 prime?
True
Is 289657 prime?
True
Is 7669 composite?
False
Is 61403 a composite number?
False
Is 21433 composite?
False
Is 60811 prime?
True
Is 140011 a composite number?
True
Is 63199 a prime number?
True
Is 56149 prime?
True
Is 19531 a prime number?
True
Is 180721 a composite number?
True
Is 450419 a prime number?
False
Is 2741 prime?
True
Is 17663 composite?
True
Is 515857 a composite number?
False
Is 70043 composite?
True
Is 596399 composite?
False
Is 25089 prime?
False
Is 7039 prime?
True
Is 7237 a prime number?
True
Is 135781 a prime number?
True
Is 40286 a prime number?
False
Is 16603 a composite number?
False
Is 21037 prime?
False
Is 285007 composite?
False
Is 451859 composite?
False
Is 161303 prime?
True
Is 5699 prime?
False
Is 127541 prime?
True
Is 436837 composite?
True
Is 66399 a prime number?
False
Is 373831 prime?
False
Is 56657 a prime number?
False
Is 172259 composite?
False
Is 5599 composite?
True
Is 14866541 a prime number?
True
Is 116183 a composite number?
True
Is 16663 a composite number?
True
Is 2258 a prime number?
False
Is 223 a prime number?
True
Is 1840011 prime?
False
Is 46037 a composite number?
True
Is 4049 a composite number?
False
Is 3287 prime?
False
Is 24239 composite?
False
Is 1371 a prime number?
False
Is 448129 a prime number?
False
Is 322769 a composite number?
False
Is 489689 a composite number?
False
Is 8457 a prime number?
False
Is 13283 a prime number?
False
Is 7349 prime?
True
Is 6377 a composite number?
True
Is 26759 composite?
False
Is 12961 a composite number?
True
Is 13159 composite?
False
Is 55687 composite?
True
Is 416947 a composite number?
False
Is 37067 composite?
True
Is 501987 a prime number?
False
Is 30467 a prime number?
True
Is 1272539 composite?
False
Is 45007 composite?
False
Is 15793 composite?
True
Is 10553 prime?
False
Is 8263 a prime number?
True
Is 6658823 prime?
True
Is 8209 a composite number?
False
Is 877 prime?
True
Is 602137 prime?
True
Is 831 a composite number?
True
Is 14143 a prime number?
True
Is 5234 prime?
False
Is 21883 composite?
True
Is 187547 composite?
False
Is 104459 prime?
True
Is 67631 a composite number?
False
Is 493 a prime number?
False
Is 99095 a composite number?
True
Is 2001247 a prime number?
True
Is 48563 a composite number?
False
Is 51717 prime?
False
Is 139141 a composite number?
True
Is 1138 a prime number?
False
Is 174959 a composite number?
False
Is 64939 a composite number?
True
Is 30983 prime?
True
Is 234181 prime?
True
Is 6329 a prime number?
True
Is 91837 prime?
True
Is 37171 composite?
False
Is 1202781 a composite number?
True
Is 49189 prime?
False
Is 68171 a prime number?
True
Is 11219 prime?
False
Is 7187 a composite number?
False
Is 15493 composite?
False
Is 25693 composite?
False
Is 3107 a composite number?
True
Is 32093 prime?
False
Is 245243 a prime number?
False
Is 1311697 a composite number?
True
Is 10219 composite?
True
Is 19733 a composite number?
True
Is 128021 composite?
False
Is 12371 a prime number?
False
Is 159697 a prime number?
True
Is 6007 prime?
True
Is 1891 a composite number?
True
Is 172489 prime?
True
Is 2857 a prime number?
True
Is 56521 a composite number?
True
Is 126031 a prime number?
True
Is 2750831 composite?
False
Is 688783 a composite number?
False
Is 639029 a composite number?
True
Is 142009 a prime number?
False
Is 50849 a prime number?
True
Is 129871 a composite number?
True
Is 570901 composite?
False
Is 24239 a prime number?
True
Is 6362 a prime number?
False
Is 1970257 prime?
True
Is 18269 a composite number?
False
Is 57709 prime?
True
Is 6297 prime?
False
Is 1061 composite?
False
Is 233159 composite?
False
Is 619 a composite number?
False
Is 30626 prime?
False
Is 2039 a prime number?
True
Is 153389 a composite number?
True
Is 26431 prime?
True
Is 7343 prime?
False
Is 3761 prime?
True
Is 1489769 composite?
False
Is 41498 a prime number?
False
Is 445363 a prime number?
True
Is 10007 a composite number?
False
Is 291619 a prime number?
True
Is 2906951 a prime number?
True
Is 269609 composite?
True
Is 20873 prime?
True
Is 265769 prime?
False
Is 1793023 prime?
True
Is 14583 composite?
True
Is 111934 a prime number?
False
Is 216947 a prime number?
True
Is 93629 a prime number?
True
Is 10007 a prime number?
True
Is 6983 prime?
True
Is 13553 composite?
False
Is 42899 a composite number?
False
Is 28993 a prime number?
False
Is 13891 a prime number?
False
Is 107687 a composite number?
False
Is 101051 a prime number?
True
Is 40087 composite?
False
Is 29485 prime?
False
Is 479509 a composite number?
False
Is 2843 prime?
True
Is 3889 composite?
False
Is 8962 composite?
True
Is 9533 composite?
False
Is 38299 a prime number?
True
Is 13159 composite?
False
Is 4271 a prime number?
True
Is 4267 a composite number?
True
Is 38953 prime?
True
Is 21039 a composite number?
True
Is 4303 prime?
False
Is 218203 a prime number?
False
Is 1059 a composite number?
True
Is 1361 a prime number?
True
Is 391241 a composite number?
True
Is 952349 a composite number?
False
Is 433423 a composite number?
True
Is 1319 a composite number?
False
Is 482491 prime?
False
Is 12797 a composite number?
True
Is 29383 a prime number?
True
Is 46369 prime?
False
Is 116098 prime?
False
Is 895889 a composite number?
False
Is 719531 prime?
False
Is 235289 a composite number?
False
Is 10583 composite?
True
Is 113998 composite?
True
Is 34123 a composite number?
False
Is 258157 a prime number?
True
Is 185671 prime?
False
Is 389 composite?
False
Is 127373 composite?
False
Is 42989 a prime number?
True
Is 256537 composite?
True
Is 688535 a prime number?
False
Is 62641 prime?
False
Is 89293 a composite number?
False
Is 748763 composite?
False
Is 325667 a composite number?
False
Is 36689 a prime number?
False
Is 780295 composite?
True
Is 3587 a prime number?
False
Is 292337 prime?
False
Is 60097 composite?
True
Is 24263 prime?
False
Is 29599 a prime number?
True
Is 124819 prime?
True
Is 4783 prime?
True
Is 147073 a composite number?
False
Is 373781 a prime number?
False
Is 5779 a prime number?
True
Is 85081 a composite number?
False
Is 2149 composite?
True
Is 3635599 a composite number?
True
Is 19531 prime?
True
Is 62587 a composite number?
True
Is 37243 a prime number?
True
Is 120473 composite?
False
Is 11723 composite?
True
Is 1004117 a composite number?
False
Is 1543 a prime number?
True
Is 45403 a composite number?
False
Is 7639 a composite num